mmon divisor of 2193 and 16575?
51
Calculate the greatest common divisor of 1460 and 1670.
10
Calculate the highest common factor of 1526 and 58.
2
Calculate the highest common divisor of 7056 and 216090.
882
Calculate the highest common factor of 1504 and 135736.
376
Calculate the greatest common factor of 900 and 34893.
9
What is the highest common divisor of 13983 and 59?
59
Calculate the highest common factor of 20165 and 4070.
185
Calculate the highest common factor of 27117 and 9.
9
What is the highest common factor of 1833 and 2145?
39
Calculate the greatest common divisor of 656 and 1980464.
656
Calculate the highest common divisor of 19312 and 16.
16
What is the greatest common factor of 780 and 8562?
6
What is the greatest common factor of 124586 and 42?
14
Calculate the highest common divisor of 1177131 and 51.
51
Calculate the greatest common divisor of 451524 and 1528.
764
What is the greatest common factor of 76 and 6023?
19
What is the greatest common divisor of 2146 and 1095533?
1073
Calculate the highest common divisor of 8040 and 50.
10
Calculate the highest common factor of 29280 and 2318.
122
Calculate the greatest common divisor of 7 and 128989.
7
Calculate the highest common factor of 297 and 2700.
27
What is the highest common factor of 950 and 27750?
50
Calculate the highest common divisor of 4 and 3722036.
4
Calculate the highest common divisor of 2353556 and 8.
4
What is the highest common divisor of 140 and 36155?
35
Calculate the greatest common factor of 7200 and 125.
25
What is the greatest common factor of 515 and 383263?
103
What is the highest common divisor of 168572 and 4288?
268
What is the greatest common factor of 9036 and 48348?
36
What is the greatest common factor of 8 and 381944?
8
What is the greatest common factor of 252 and 57900?
12
What is the highest common divisor of 7543080 and 1840?
920
What is the highest common factor of 10 and 3898?
2
What is the highest common divisor of 956 and 84?
4
What is the greatest common factor of 3660 and 121695?
915
Calculate the greatest common factor of 477 and 18.
9
What is the greatest common divisor of 2871271 and 533?
533
What is the greatest common divisor of 917 and 37859?
131
Calculate the highest common divisor of 15204 and 42716.
724
Calculate the greatest common factor of 70400 and 242.
22
Calculate the greatest common divisor of 181217 and 23.
23
Calculate the highest common factor of 99 and 1408.
11
Calculate the highest common factor of 6102 and 1566.
54
What is the highest common divisor of 5 and 1294885?
5
Calculate the greatest common divisor of 75782 and 56.
14
Calculate the greatest common divisor of 69413 and 1271.
41
Calculate the greatest common factor of 28 and 21378.
14
What is the greatest common divisor of 356 and 340?
4
Calculate the highest common divisor of 48510 and 90.
90
What is the greatest common divisor of 16694 and 17?
17
What is the highest common divisor of 13950 and 8850?
150
What is the highest common divisor of 20111 and 833?
119
Calculate the highest common factor of 3899 and 63.
7
Calculate the highest common factor of 17 and 3278059.
17
Calculate the greatest common divisor of 56498 and 1855.
53
Calculate the highest common divisor of 101 and 563075.
101
What is the greatest common divisor of 100 and 201340?
20
Calculate the greatest common divisor of 194187 and 2642.
1321
Calculate the highest common divisor of 3044 and 4.
4
Calculate the greatest common divisor of 103 and 3849007.
103
Calculate the highest common factor of 5680 and 5770.
10
What is the greatest common factor of 1053 and 94341?
39
Calculate the greatest common divisor of 86397 and 465.
93
Calculate the greatest common factor of 39 and 3517293.
39
Calculate the highest common factor of 39 and 343317.
39
Calculate the greatest common divisor of 78050 and 1050.
350
Calculate the greatest common factor of 524843 and 11.
11
Calculate the highest common divisor of 1571848 and 488.
488
What is the highest common factor of 1444 and 65341?
361
Calculate the greatest common factor of 351530 and 150.
10
What is the highest common factor of 96 and 667056?
48
Calculate the highest common factor of 987 and 2667.
21
Calculate the greatest common divisor of 130 and 5642.
26
What is the greatest common factor of 3809 and 5567?
293
Calculate the greatest common factor of 26 and 2342.
2
What is the highest common factor of 243075 and 1575?
525
What is the highest common divisor of 5957 and 525826?
161
Calculate the highest common divisor of 636 and 13303.
53
Calculate the greatest common factor of 28880 and 208.
16
Calculate the highest common divisor of 233189 and 957.
319
What is the greatest common divisor of 17666 and 1314?
146
Calculate the greatest common factor of 31262 and 116.
58
Calculate the greatest common divisor of 57012 and 3.
3
Calculate the greatest common divisor of 1335069 and 502.
251
Calculate the greatest common divisor of 246 and 1232214.
246
Calculate the highest common divisor of 11760 and 7980.
420
Calculate the highest common factor of 696 and 138168.
24
Calculate the highest common factor of 205 and 7714601.
41
What is the highest common factor of 33 and 5137?
11
What is the greatest common factor of 58188 and 48?
12
What is the greatest common divisor of 375608 and 58?
58
What is the highest common divisor of 107632 and 64?
16
Calculate the highest common divisor of 81615 and 255.
15
What is the highest common factor of 34 and 1337798?
34
What is the greatest common factor of 101802 and 1128?
282
Calculate the highest common divisor of 49 and 1193052.
49
Calculate the greatest common divisor of 24440 and 190.
10
Calculate the highest common factor of 103443 and 87.
87
What is the highest common divisor of 133 and 122360?
133
Calculate the greatest common factor of 10 and 17212190.
10
Calculate the highest common divisor of 960 and 5088.
96
Calculate the highest common divisor of 276 and 73646.
46
What is the highest common divisor of 57 and 456684?
57
What is the highest common factor of 81 and 414522?
9
Calculate the greatest common factor of 35 and 1725.
5
What is the highest common factor of 7695 and 39615?
285
Calculate the greatest common divisor of 20634 and 969.
57
Calculate the greatest common divisor of 153 and 1448638.
17
Calculate the highest common divisor of 9 and 5396913.
9
What is the highest common factor of 2530 and 12190?
230
What is the greatest common factor of 68184 and 12?
12
What is the highest common factor of 421656 and 32?
8
What is the greatest common divisor of 380 and 1071220?
380
What is the greatest common divisor of 550 and 292325?
275
Calculate the highest common factor of 5797 and 141236.
527
What is the greatest common divisor of 63 and 544131?
63
What is the greatest common divisor of 9723 and 24?
3
What is the greatest common factor of 295 and 28733?
59
What is the highest common divisor of 837162 and 11732?
838
What is the greatest common divisor of 200 and 1162600?
200
Calculate the greatest common factor of 364 and 12964.
28
Calculate the highest common factor of 7770 and 1442.
14
Calculate the highest common divisor of 20 and 2260.
20
What is the highest common divisor of 212139 and 72?
9
What is the greatest common divisor of 229260 and 60?
60
What is the highest common factor of 70 and 132755?
35
What is the greatest common factor of 588658 and 1330?
266
Calculate the greatest common factor of 25936 and 368.
16
Calculate the greatest common divisor of 55 and 17842.
11
Calculate the greatest common factor of 1182282 and 67.
67
Calculate the greatest common divisor of 32 and 2041.
1
Calculate the highest common factor of 3960 and 270.
90
What is the highest common factor of 98215 and 325?
65
What is the greatest common factor of 127982 and 178?
178
What is the highest common factor of 928268 and 3757?
289
Calculate the highest common divisor of 625 and 362375.
125
Calculate the highest common divisor of 729 and 147.
3
What is the highest common divisor of 2934345 and 795?
795
What is the greatest common factor of 836 and 8140?
44
Calculate the greatest common factor of 100 and 3305050.
50
Calculate the greatest common factor of 21414 and 4214.
86
Calculate the highest common factor of 190336 and 